n + 30. Suppose -b = -3*v + 59. What are the prime factors of v?
23
Let c = 224 + -81. List the prime factors of c.
11, 13
Let d = 90 + -57. Suppose -3*b + d = 3. List the prime factors of b.
2, 5
Let w = 20 + 10. Let k be 4/(-12) - (-32)/6. Suppose 5*r - w = k. List the prime factors of r.
7
Let v(t) = t**3 - 6*t**2 + 2*t - 8. Let p be v(6). Suppose p*l + 2*c - 14 = 4*c, -4*c = -4*l + 8. What are the prime factors of l?
5
Let a be 3/(-6)*1*-4. Let y(o) = -o + 8. Let u be y(8). Suppose u = j + a*j - 33. What are the prime factors of j?
11
Let s = -8 + 13. Suppose s*p = -10, d + 53 = 6*d + p. List the prime factors of d.
11
Suppose -2*l + 5*b = 2*b - 207, -3*l + 283 = b. List the prime factors of l.
2, 3
Let g(m) be the first derivative of m**2/2 + 6*m + 12. Suppose 19 = -x + 3*x - 3*j, -4*j = 5*x - 13. List the prime factors of g(x).
11
List the prime factors of 228/4 + 2 - -1.
2, 3, 5
Suppose 3*n + 13 - 40 = 0. What are the prime factors of n?
3
Suppose -5*c - 77 = 2*m, 2*m + c = -2*m - 181. Let b = -32 - m. What are the prime factors of b?
2, 7
Suppose -6 = -2*a - 2. Let j(y) = y**3 - y - 2. Let b be j(2). Suppose -a*o + 10 = c - 0*c, -c - b*o + 12 = 0. List the prime factors of c.
2
Let z(g) = -33*g - 15. What are the prime factors of z(-2)?
3, 17
Suppose -15*x = -37*x + 7986. List the prime factors of x.
3, 11
Let y = 2 + 4. Let o = y + 0. What are the prime factors of o?
2, 3
Let g(c) = 4*c - 6. Let w be g(4). Let x = -6 + w. Let k = x - 1. What are the prime factors of k?
3
Let i = 4 + -2. Suppose 0 = -0*m - i*m + 24. List the prime factors of m.
2, 3
Suppose z = -4*z + 20. Suppose z*n - 12 = -4. What are the prime factors of n?
2
Let u = 68 + -45. List the prime factors of u.
23
Suppose -17*s + 5314 = 2203. List the prime factors of s.
3, 61
Suppose 0 = -o - 6*x + 2*x + 106, -2*o + x + 185 = 0. Let y = o - 51. List the prime factors of y.
43
Suppose 0 + 2 = -2*j. Let s be -1 + j + (-23)/1. Let q = -15 - s. List the prime factors of q.
2, 5
Let w = 23 - 38. Let t = 38 + w. List the prime factors of t.
23
Let o(d) = -d**2 - 6*d. Let l(y) = y**3 + 3*y**2 - 2. Let f be l(-2). Suppose f*n - 6*n = 20. List the prime factors of o(n).
5
Let z(q) = -q. Let t be z(-2). Let g be (2 + t)/(-2) + 5. Suppose -3*c - 2*l = -22, 0 = g*c + l + 1 - 18. List the prime factors of c.
2
Let w be ((-3)/(-6))/((-2)/(-20)). Suppose -w*c + 55 = -0*c. What are the prime factors of c?
11
Let d be ((-12)/3 - -2) + 2. Suppose -5*s = 2*i + 15, -3*i - 2*s - 6 = -d*i. Suppose q - 5*j + 11 = i, 3*q + j = -q + 19. List the prime factors of q.
2
Let n(j) = j**3 + j**2 - 1. Let i be n(0). Let k be i/(-2 + 9/5). Suppose -k*t - 2*z = -41, -3*t + 2*z + 3*z = -37. List the prime factors of t.
3
Let d be -1 + 2 - -4*1. Suppose 0 = d*n + 24 - 94. List the prime factors of n.
2, 7
Suppose -b = -0*b. Suppose -36 = 5*o + 2*z + 10, -5*o - 5*z - 55 = b. What are the prime factors of (-2)/(26/o - -3)?
2
Let n(o) = 6*o**2 - o + 2*o**3 - o**3 + 0 - 3. What are the prime factors of n(-6)?
3
Let b(r) = 2*r**2 - r. List the prime factors of b(-2).
2, 5
Suppose -13*v + 252 = -9*v. What are the prime factors of v?
3, 7
Let p be ((-4)/2 - 1)/1. List the prime factors of p*((-21)/9 - 1).
2, 5
Suppose 0 = 5*j - 6 - 4. Suppose o = -j*o + 78. List the prime factors of o.
2, 13
Let f(w) = w**2 + 3*w. Let k be f(-3). Suppose -4*u + 18 = -k*d - d, 5*u - 17 = 4*d. List the prime factors of d.
2
Let w(s) = s**2 + 7*s. Let r be w(-7). Suppose r = 2*n - 0*n - 4. List the prime factors of n.
2
Let k(q) = q - 8. Let y be k(5). Let d be -1*y*1 + -1. Suppose 5*p = 2*c - 0*p - 14, -6 = -d*c + p. List the prime factors of c.
2
Suppose 6 = -2*l + l. Let k = l - -2. What are the prime factors of k/(-6) + (-64)/(-12)?
2, 3
Let q(y) be the second derivative of y**5/20 + 5*y**4/12 - 5*y**3/6 - 3*y**2 - y. Let n be q(-5). List the prime factors of n - (-4 - -2) - 1.
2, 5
Let g = -13 + 13. Let w(y) = -y**2 + 28. What are the prime factors of w(g)?
2, 7
Let j = 124 + -73. What are the prime factors of j?
3, 17
Let w = 2 - 3. Let z be (w/(-1) - -1) + -1. List the prime factors of 5 + -3 + 2 + z.
5
Let v = -128 - -296. List the prime factors of v.
2, 3, 7
Let t(c) = c**3 + 3*c**2 - 5*c + 3. List the prime factors of t(-4).
7
Suppose 5*j = 4*b + 270, 0 = -0*j - j - 3*b + 73. List the prime factors of j.
2, 29
Suppose j + 12 = -3*j - m, 0 = 4*m. List the prime factors of j*(-2)/3 - -11.
13
Let q(c) = -c**3 + c**2 + 8. Let b(m) = m. Let x be b(-3). Let i be 0*(4 + x + 0). What are the prime factors of q(i)?
2
Let v(u) = 20*u + 7. Let p be v(-5). Let i = 132 + p. List the prime factors of i.
3, 13
Let v be 8/(2*(-3)/(-6)). Suppose -3*x = 4*w + v - 59, 5*w + 5*x - 60 = 0. Suppose -5*r + 0 = -w. List the prime factors of r.
3
Suppose 31 = i - 132. What are the prime factors of i?
163
Let j(m) = -8*m - 2. Let v be j(-2). Suppose -3*z + 27 = -3*n, -4*n - 2 + v = 2*z. List the prime factors of z.
2
Let m = -226 + 327. List the prime factors of m.
101
Suppose 5*q = q + 16. What are the prime factors of q?
2
Let x be (-5)/((-15)/6) - -1. Suppose 5*v + x*d = 3*v + 55, -5*v + 5*d = -100. What are the prime factors of v?
23
Suppose -3*g + 340 = 5*m, -5*m = 4*g - 273 - 72. List the prime factors of m.
5, 13
Let w = -44 + 17. What are the prime factors of (32/12)/((-6)/w)?
2, 3
List the prime factors of (-142)/(-5) - (-12)/20.
29
Let d = 25 - 20. List the prime factors of 4/20 - (-219)/d.
2, 11
Let u = -99 - -179. What are the prime factors of u?
2, 5
Let v = 132 - 86. What are the prime factors of v?
2, 23
Suppose x - 2*d = 4*x - 6, 3*x + d = 3. List the prime factors of (x - 0 - 1) + 15.
2, 7
Suppose -2*q - q + 3*p = -312, 3*p - 228 = -2*q. List the prime factors of q.
2, 3
Suppose 4*n - k - 19 = 0, -5*k = n - 3*k - 16. Let l = -17 + n. Let j(p) = p**3 + 12*p**2 + 12*p + 13. What are the prime factors of j(l)?
2
Suppose 2*r = 38 + 12. Suppose 0 = -4*n + 78 + 26. Suppose 0 = -3*g + n + r. List the prime factors of g.
17
Let t = 22 + -13. Let j = -5 + t. Suppose -g - 2 = j*u + 11, -2*g + 2*u + 14 = 0. What are the prime factors of g?
3
Let o(b) = b**3 + 27. What are the prime factors of o(0)?
3
Suppose 0 = -2*u - 5 + 23. What are the prime factors of u?
3
Let y = 26 + -16. List the prime factors of y.
2, 5
Let h = 3 + -5. Suppose x - 3 = -3*t, 4*x = -x - 2*t + 41. Let p = x - h. List the prime factors of p.
11
Let l be -3 + -1 + 2 + 2. Suppose a = 4*v - l*v, 4*v = -5*a + 24. Suppose -2*c = 3 + 5, -5*o + a*c = -51. What are the prime factors of o?
7
Suppose 0 = 6*a - a - 20. Suppose 3*t = -3*o + 21, -a*o + o = -2*t - 6. Suppose o*r + 18 - 47 = -3*j, -5*j + 2*r + 83 = 0. What are the prime factors of j?
3, 5
Suppose -96 = -3*v - 0*v. Let u be (5/(-10))/((-2)/v). List the prime factors of (u/(-10))/(1/(-5)).
2
Suppose 5*j - 50 = 215. List the prime factors of j.
53
Suppose 3*v = -g + 14, v = -g - 2*g + 2. Suppose -44 - 21 = -v*d. What are the prime factors of d?
13
Suppose 0 = 4*w + 45 - 189. Let a = 52 - w. What are the prime factors of a?
2
Let p(m) = -m - 7. Let o be p(6). Let q = o + 27. What are the prime factors of q?
2, 7
What are the prime factors of (-12)/3*3/(-6)?
2
Let b(p) = 2*p**2 - 4*p + 2. Let s be b(3). Let m = s - 5. List the prime factors of m.
3
List the prime factors of -3*(2 + (-280)/12)*1.
2
Let k = 2 - 0. Let x = -56 + 82. Suppose -x = -k*q - 2. List the prime factors of q.
2, 3
Suppose 2*h + 4 = 2. What are the prime factors of h + -2 + (2 - -13)?
2, 3
Suppose 24*m - 20*m = 8. What are the prime factors of m?
2
Suppose 5*c = 92 + 53. What are the prime factors of c?
29
Let c(m) = -m**3 - 3*m**2 - 10*m + 4. What are the prime factors of c(-6)?
2, 43
Suppose i - 127 = 111. List the prime factors of i.
2, 7, 17
Suppose 0 = -2*x - 3*u + 27 - 7, 3*u - 32 = -5*x. Let t be 21/x + 1/(-4). Suppose t*j = -2*v + 33, 2*v + v - 2*j - 2 = 0. List the prime factors of v.
2
Suppose 2*g - 2*q = -5*q + 52, 4*g - 4*q = 124. Suppose -2*n + 15 = 5*z - 18, n + 5*z = g. List the prime factors of n.
2
Suppose -186 = -4*n + 5*k - 3*k, 3*k = 5*n - 235. What are the prime factors of n?
2, 11
Suppose 0*d - 5*d + z + 7 = 0, -4*d + z + 6 = 0. What are the prime factors of (1 - d - -3) + 6?
3
Suppose -w + 7 = -18. Suppose -8 - w = -3*a. List